v*s. What is the tens digit of s/9 - 44/(-3)?
1
Suppose 2*k + 81 = -5*l + 489, 5*l - 612 = -3*k. Suppose -k = 3*w - 7*w. What is the tens digit of w?
5
Let k(z) = z + z**3 - z**2 - 4 + 0 - 5*z + z. Let d be k(3). Suppose 2 = -2*f - 4, -d*c - 3*f + 106 = 0. What is the units digit of c?
3
Let z(r) be the first derivative of -23*r**2/2 + 29*r + 11. What is the hundreds digit of z(-4)?
1
What is the units digit of ((-30)/5 - -1)/((-35)/27062)?
6
Suppose 3*d = 4*d - 4. Suppose d*h - 20 = -h. Suppose 4*r + 66 = 5*a, r - 59 + 23 = -h*a. What is the units digit of a?
0
Suppose 3 + 517 = t. Suppose -8*b = -t - 560. What is the hundreds digit of b?
1
Let j(x) = 2*x**2 + x - 4. Let y(s) = s**2 + 9*s - 4. Let t be y(-9). Let b be j(t). Suppose -b*q - 220 = -29*q. What is the tens digit of q?
4
Suppose 4*a + 2931 = 5*j - 398, -3333 = -5*j + 3*a. What is the hundreds digit of j?
6
Let c(w) be the second derivative of w**5/20 - 11*w**4/12 - 11*w**3/6 - 3*w**2 - w. What is the units digit of c(12)?
6
Suppose -p - 4*p - 3*v = -30, 0 = p + 2*v - 13. Suppose p*y - 9 = -3. Suppose -y*x - 3*x = -3*o - 108, 5*x - 136 = -4*o. What is the units digit of x?
4
What is the hundreds digit of (-1 - 2) + (1 - -2) + 136?
1
Suppose -2*j + 5*t - 107 = 0, -4*t - 54 + 218 = -3*j. Let r = -18 - j. What is the tens digit of r?
3
Let a(r) = -2*r + 9. Let j be a(0). Let o(z) = 13*z - 23. What is the tens digit of o(j)?
9
Let x = 55 - 50. What is the tens digit of (-39 + x)*(-14)/4?
1
Suppose -4 = 4*s - 6*s. Let y be (s/(-2))/(15/30). What is the units digit of -4 + (-48)/y + 0?
0
Suppose -5*m = -2*t - 14, 0*m + 13 = 3*t + m. Suppose 4*d = 5 - 21, t*d + 61 = r. What is the tens digit of r?
4
Suppose 0 = -7*z + 10*z - 312. Let g = 201 - z. What is the tens digit of g?
9
What is the thousands digit of ((-10)/6)/((-154)/215754)?
2
Let r = 13 + -5. Suppose 0*n - 5*b = -5*n + 100, 0 = -4*b - r. What is the units digit of ((-2)/(-5))/(n/1305)?
9
Let f(a) = a**3 - 33*a**2 + 4*a + 14. What is the hundreds digit of f(33)?
1
Suppose -2*q - 5*x = -31, 2*x = -q + 3*x - 2. Suppose -q*g - 10 = -4*f, -g + 6 = 2*f - 2*g. Suppose -49 = f*p - 5*p. What is the tens digit of p?
4
Suppose 1604*s + 12084 = 1608*s. What is the tens digit of s?
2
Let i = 6696 - 3191. What is the units digit of i?
5
Let i = 9 - -9. What is the units digit of (-44)/(-6) - 24/i?
6
Let u = 929 + -576. What is the units digit of u?
3
Let f = 496 - 255. What is the hundreds digit of f?
2
Suppose 0 = -7*k + 2*k + 3*l + 197, 21 = k + 4*l. Let q = k - 16. What is the tens digit of q?
2
Suppose -2*m - 5 = -5*m - 5*o, 5*m + 4*o = 4. Suppose -4*g - 3*f - 63 = -9*g, -2*f - 2 = m. What is the tens digit of 1/4 - (-225)/g?
1
Let f be (((-28)/(-1))/((-6)/(-3)))/1. Suppose -18*m + f*m + 560 = 0. What is the hundreds digit of m?
1
Let h(j) = -j + 56. Let f be 0*(-3)/15*1. What is the tens digit of h(f)?
5
Suppose 0 = 4*g - 0*g - 52. Suppose 260 = g*j - 2678. What is the hundreds digit of j?
2
Suppose s + 2*s = -d + 510, -5*s + 2061 = 4*d. What is the tens digit of d?
1
Suppose -5*b = -2*l + 10, -3*b + 11 = 4*l + 43. Let f = l + 22. What is the tens digit of f?
1
Suppose -5*b + 81 = -2*b. Let n = b + -12. Suppose -11*p + n*p = 8. What is the units digit of p?
2
Let i(m) = m**2 + m + 3. Let b be i(6). Suppose -15 = -3*r + b. What is the tens digit of r?
2
Let p be 27/(-45)*(-5)/(-1). What is the units digit of (-93)/p + (-1 - -3)?
3
Let p(s) = -21*s + 698. What is the tens digit of p(0)?
9
What is the tens digit of (-12754)/(-35) + 6/10?
6
Let y(n) be the first derivative of 11*n**2/2 + 4*n + 193. Suppose -3 = -2*a + 1. What is the tens digit of y(a)?
2
Let o be (1*9/(-3))/1. What is the tens digit of (-1432)/(-24) - 1/o?
6
Let g be (72/5)/(2/10). Suppose -4*x + l + 34 - 114 = 0, l = -4*x - g. What is the tens digit of (x/(-5) + -3)*15?
1
Suppose 0 = d - 2*h + h - 194, 0 = 5*d + h - 970. Suppose -3*w + d + 183 = 2*n, 2*n = 5*w + 337. What is the units digit of n?
1
Suppose 4*a = a - 114. Let q = 154 + a. What is the units digit of q?
6
Let a(m) = 41*m**3 + m. Let i be a(-1). Let h be ((-51)/(-12))/(1/(-4)). Let q = h - i. What is the tens digit of q?
2
Suppose 2*b = -3*y + 9, 2*b + 2*b - 29 = 5*y. Let u(o) = 4 + 4 + 0 - o - b. What is the tens digit of u(-11)?
1
Let a(j) be the second derivative of -j**4/12 - 13*j**3/6 - 9*j**2/2 + j. Let z(d) = d**3 - 5*d**2 - d + 4. Let m be z(2). What is the units digit of a(m)?
1
Let c be -1 + (4 - 7) + (-3 - -2). Let f(w) = -30*w - 43. What is the units digit of f(c)?
7
Let k(z) = -47*z - 122. Let y(d) = 16*d + 40. Let x(g) = 4*k(g) + 11*y(g). What is the tens digit of x(-10)?
7
Let y(k) = k**3 + 7*k**2 + k + 5. Let j be y(-7). What is the tens digit of 453*((-1)/(-5) + j/(-15))?
5
What is the units digit of 134/603 - (0 - (-5648)/(-18))?
4
Let t(v) = -v**2 - 16*v - 16. Let g be t(-16). Suppose 2*a = 3*r - 4*r + 1, 4*a = -3*r + 5. What is the units digit of g/6*(r - 6)?
8
Let g be (14/42)/(1/291). Suppose 3*p - 2*k = 331, p - 7*k = -3*k + g. What is the tens digit of p?
1
Suppose -29*a + 50566 + 41045 = 0. What is the tens digit of a?
5
Let t = 813 + 2843. What is the tens digit of t?
5
Let x = -175 + 247. What is the units digit of x?
2
Let s be (-4 - -2 - -2)/(-1). Suppose -8*o + 13*o - 245 = s. What is the tens digit of o?
4
Suppose -5*a + 2*z = 59, -3*a - 11 = -4*z + 16. What is the units digit of (4 - 1) + 41 + a?
1
Let v be (-1 + -17)/(14/21). Let z = v - -70. What is the tens digit of z?
4
Suppose 2*m = 11 - 39. Let a = m - -16. What is the units digit of 15/a*90/27?
5
Suppose -3*l - 5*r = -5801, -5357 - 4286 = -5*l - 2*r. What is the units digit of l?
7
Let d(c) = -c**3 + 10*c**2 - 8*c - 5. Let x be d(9). What is the tens digit of 56 - (2 - -2 - x)?
5
Let w = 3 - -1. Suppose 3*x - o - 8 = -2*o, w*o + 8 = -2*x. Suppose -x*q + 93 = 5*n, -n + 48 + 25 = 4*q. What is the tens digit of q?
1
Suppose -p = -3*t - 0*p + 621, -4*t = -2*p - 828. Suppose 0 = 2*u - t - 269. What is the hundreds digit of u?
2
Let a(d) = d**3 - 5*d**2 - 21*d - 5. Let m(w) = -3*w - 5. Let v be m(-5). What is the units digit of a(v)?
5
Let h(x) = -x**3 - 7*x**2 - 6*x - 1. Let k be h(-6). Let s be 7/((-7)/2)*k. Suppose -5*p = 0, s*b - 2*p = -0*p + 32. What is the units digit of b?
6
Let d(l) = -5 + 3*l**2 - 9*l - 7*l**2 + 3*l**2 + 2*l**2. Let r be d(-8). Suppose 5*f - r = 9. What is the tens digit of f?
2
Let y = 128 - -662. What is the units digit of y?
0
Let x(d) = -d - 11*d**2 - 4 + 26*d**2 + 2*d + 14*d**2. What is the hundreds digit of x(2)?
1
Let r = -55 + 55. What is the units digit of (28 - 1) + (r - 4/2)?
5
Suppose 0 = 4*m - 99 - 29. What is the tens digit of m?
3
Suppose -5*b + 4*v = -262, b - 3*v - 65 = -6. Suppose 29*j - 294 = -120. Suppose j*d + b = 8*d. What is the units digit of d?
5
Suppose 133598 + 44962 = 93*j. What is the tens digit of j?
2
Let g(d) = -3*d + 1. Let b = 1 + -7. Let w = 2 + b. What is the units digit of g(w)?
3
Let y(q) = 11*q**2 + 7*q - 13. Let n be y(2). Let s = 72 + n. What is the units digit of s?
7
Let d = 1672 + -1180. What is the units digit of d?
2
Suppose -402 = -4*o + 3*w, 0*w + 208 = 2*o + 2*w. Let h = 208 - o. What is the hundreds digit of h?
1
Let w(i) = -404*i**2 - 2*i + 2. Let r be w(1). Let d be (r/8)/(2/(-4)). Let c = d + -70. What is the tens digit of c?
3
Let r be 10/((-8)/4) + 9. Suppose 2*q + r = 380. What is the hundreds digit of q?
1
Suppose 0 = -5*z - 8*z + 1664. Let h = z - 50. What is the units digit of h?
8
What is the tens digit of (9/(-6) + 2)*(801 - 7)?
9
Suppose 0*d + 80 = -4*d. Let n = -20 - d. Let k(i) = i + 27. What is the units digit of k(n)?
7
Suppose 4*y - 2979 = u, 4*y + y - 3726 = -u. What is the units digit of y?
5
Let z = 134 - 66. Let q = z + -23. What is the tens digit of q?
4
Suppose -3*m = m - 40. Let u = 26 - m. What is the tens digit of u?
1
Let w(l) = 3*l**2 - 30*l + 77. What is the units digit of w(47)?
4
What is the units digit of -11 - -308 - (-4)/(4/(-3))?
4
Let n(x) = 310*x + 4. What is the thousands digit of n(4)?
1
Let z(c) = c**2 - c + 16. Let j(m) = 6*m**3 + 1. Let a be j(-1). What is the tens digit of z(a)?
4
Suppose 0*a - 4*a + 2360 = 2*k, 2*k = a + 2375. What is the tens digit of k?
8
Suppose y = 2*r + 5*y, -2*r + 2*y = -6. Let w be 0